{"id":71,"date":"2022-03-14T18:40:57","date_gmt":"2022-03-14T18:40:57","guid":{"rendered":"http:\/\/mecab.ca\/?post_type=product&#038;p=71"},"modified":"2025-05-30T16:38:46","modified_gmt":"2025-05-30T20:38:46","slug":"ciseau-gaucher-a-lame-droite-5-75-pouce","status":"publish","type":"product","link":"https:\/\/mecab.ca\/index.php\/produit\/ciseau-gaucher-a-lame-droite-5-75-pouce\/","title":{"rendered":"Ciseau pour gaucher \u00e0 lame droite 5.75 pouce G.H.-3004"},"content":{"rendered":"<p>Ciseau comprenant trois type ergonomies \u00e0 lame droite d&rsquo;un longueur de 5.75 pouce. Con\u00e7u dans un alliage en acier inoxydable japonais et carbone. Qui leur permet d&rsquo;avoir une duret\u00e9 incroyable.<\/p>\n","protected":false},"excerpt":{"rendered":"<p>Ciseau comprenant trois type ergonomies \u00e0 lame droite d&rsquo;un longueur de 5.75 pouce. Con\u00e7u dans un alliage en acier inoxydable japonais et carbone. Qui leur permet d&rsquo;avoir une duret\u00e9 incroyable.<\/p>\n","protected":false},"featured_media":94,"comment_status":"open","ping_status":"closed","template":"","meta":{"_et_pb_use_builder":"","_et_pb_old_content":"","_et_gb_content_width":""},"product_brand":[],"product_cat":[22],"product_tag":[],"class_list":{"0":"post-71","1":"product","2":"type-product","3":"status-publish","4":"has-post-thumbnail","6":"product_cat-serie-performance-gaucher","8":"first","9":"instock","10":"taxable","11":"shipping-taxable","12":"purchasable","13":"product-type-simple"},"jetpack_sharing_enabled":true,"_links":{"self":[{"href":"https:\/\/mecab.ca\/index.php\/wp-json\/wp\/v2\/product\/71","targetHints":{"allow":["GET"]}}],"collection":[{"href":"https:\/\/mecab.ca\/index.php\/wp-json\/wp\/v2\/product"}],"about":[{"href":"https:\/\/mecab.ca\/index.php\/wp-json\/wp\/v2\/types\/product"}],"replies":[{"embeddable":true,"href":"https:\/\/mecab.ca\/index.php\/wp-json\/wp\/v2\/comments?post=71"}],"wp:featuredmedia":[{"embeddable":true,"href":"https:\/\/mecab.ca\/index.php\/wp-json\/wp\/v2\/media\/94"}],"wp:attachment":[{"href":"https:\/\/mecab.ca\/index.php\/wp-json\/wp\/v2\/media?parent=71"}],"wp:term":[{"taxonomy":"product_brand","embeddable":true,"href":"https:\/\/mecab.ca\/index.php\/wp-json\/wp\/v2\/product_brand?post=71"},{"taxonomy":"product_cat","embeddable":true,"href":"https:\/\/mecab.ca\/index.php\/wp-json\/wp\/v2\/product_cat?post=71"},{"taxonomy":"product_tag","embeddable":true,"href":"https:\/\/mecab.ca\/index.php\/wp-json\/wp\/v2\/product_tag?post=71"}],"curies":[{"name":"wp","href":"https:\/\/api.w.org\/{rel}","templated":true}]}}